1))?
-36
Evaluate (-30 + 7 + 18 - -27) + (-4 - 1) + -1.
16
Evaluate 19 + 7 + -24 + 18 + 38.
58
What is -6 - (2 - -2) - (-202 + 229)?
-37
What is -768 + 744 + (-10 - 1) + -1?
-36
What is 33 - (-48 + 70) - -5?
16
What is (167 - 45 - 57) + -26?
39
Calculate -7 + 5 + 7 + -12 - (-38 + 111).
-80
What is the value of -3 + -65 + (18 + (-19 - -23) - 5)?
-51
What is (17 - (9 - 17)) + -14 - (-1 - (2 - 5))?
9
What is -174 + 220 - (-104 + 12)?
138
-6 + 0 + 0 - (31 + (-3 - 50 - 111))
127
-23 + -27 - -48 - -42
40
Calculate 92 + -53 + -34 + 13 + -105.
-87
What is (1 - -1) + 0 + 13 - 59?
-44
Evaluate -13 + -98 - (-7 - (-20 + (-12 - -30))).
-106
-1 + -6 + (84 - -7)
84
What is 50 + 7 + -2 + -16 + 4?
43
(38 - 56) + -28 + 11
-35
Calculate 398 + -402 - (-45 + 23 - (1 - 7)).
12
Calculate (7630 - 7662) + -60 + 3.
-89
Calculate (-16 - -4) + 18 + (5 - 12) - (-7 + -15).
21
Calculate -105 + 54 - -58 - (-68 + 0).
75
12 + -23 + 1 + -3 - (19 - -15)
-47
Calculate 19 - ((-141 - -136) + -70).
94
What is (-84 - 12) + 45 - -16 - -157?
122
Evaluate -21 - (18 + 11 + -13) - -12.
-25
What is 18 - ((-63 - -79) + -49)?
51
Evaluate (7 - 11) + 11 + 19 + (23 - 15).
34
What is the value of (137 - 162) + 11 + 0 - (86 - 5 - -12)?
-107
Evaluate 324 - 287 - (99 + 3).
-65
What is 5 + (-81 - 8) + 7?
-77
Calculate (-148 - -142) + (108 - 4 - (-8 - -7 - -2)).
97
What is 70 + (26 - 14) + (4 + -5 + -8 - -4)?
77
-82 + 16 + -73 - -223
84
-13 + (16 - 13) + 146 - (19 + -2)
119
What is 86 - (8 - -66) - -5?
17
Evaluate (-31 + -5 - 17) + 25 - 57.
-85
Evaluate 13 + -2 - (42 + -23) - (-3 + 5 - 26).
16
What is 86 - 26 - (35 - 36)?
61
-42 + (-6 + -27 + 12 - -38)
-25
87 - 85 - (-5 + 13 + -18 - -2 - -92)
-82
Calculate 32 + 10 + 6 + -11 + (-24 - -27).
40
Calculate 118 - ((-15 - 15) + 5 - -1 - -20).
122
What is the value of 1 + -109 + (-61 - -119 - 53) - -18?
-85
Evaluate 2 - 0 - (104 + -70 + 49).
-81
Calculate -52 + -2 + (-812 - -874).
8
What is (-160 - -78) + 19 + (-7 - 3)?
-73
What is the value of 6 + (12 + 3 - 13) + -5 - -10?
13
What is the value of 6 + 0 + -10 + -4 + 0 - (-6 + 33)?
-35
Calculate (50 - 10 - (18 - -14)) + 6.
14
What is the value of (-19 - 1 - 11 - -23) + (-39 - 2)?
-49
What is the value of (-59 - -14 - -35) + -45?
-55
What is 254 + -252 + 54 + -6 + -1 + 1?
50
What is the value of (-47 - -24) + 40 - (-2 - (-2 + -12))?
5
Evaluate (28 - 20) + 28 - 49 - -140.
127
What is 2 + -12 + -11 - (2 + 0 + -13 + 5)?
-15
(-22 - (0 + -2)) + -7 + 6 + -8
-29
What is the value of 4 + 36 + -47 - -7?
0
(-47 - 18) + 35 - (3 + 24)
-57
Evaluate 0 + -39 + 31 + -19 + -5.
-32
Calculate (97 - 29) + -50 + -54.
-36
What is the value of 140 + (-123 - 39) - (-1 - 117)?
96
What is the value of 42 - ((308 - 87) + -122)?
-57
Calculate (-10 - -1) + 25 + -6 + 59 - 24.
45
What is 30 - 26 - (-11 - (-15 + 0) - -9)?
-9
2 - -7 - ((2 - 5) + 5 + -37 + 38)
6
What is 89 - (22 + -21) - 46?
42
What is (-10 + -21 - -45) + (-8 - 38)?
-32
What is -281 - -266 - (0 + -10 - (-9 + 12))?
-2
-2538 - -2530 - (2 + (-2 - -1))
-9
What is the value of -10 + -2 + (-10 - (-23 - -17)) + -46?
-62
11 - (-13 + 6 + -15 + 26)
7
What is the value of -4 + 106 + -43 + -52?
7
Evaluate 18 + (-26 - -10) + 19 + (7 - (4 + -8)).
32
-3 - (8 + 11) - ((-7 - -11) + -1)
-25
Calculate 39 + (18 + -22 - 33) + 1 + (13 - 2).
14
Evaluate (5 - -10) + -131 + (12 + -35 - -29).
-110
Evaluate -57 + 11 + 64 - 61 - -88.
45
(95 - 82) + (0 - 73 - (12 + -2 + -4))
-66
Calculate 26 + (-17 - (33 - (-16 + -11))).
-51
-47 - -41 - -4 - 16 - (0 + -58)
40
Calculate (-829 - -859) + -26 + -7 + 16.
13
What is 8 + -4 + -39 + 6?
-29
Evaluate (-3 - 13 - (28 - 38)) + -3.
-9
Calculate 16 + (1 - (43 + 3) - (98 + -116)).
-11
Calculate -27 + (15 - -43) + -32.
-1
Evaluate (55 - -27 - 64) + 20.
38
What is (262 - 20) + -192 - (28 + 1)?
21
What is 16 + (132 + -113 - (0 + -4))?
39
-90 + 36 + (-59 - -148)
35
What is (9 + -12 - (2 + (5 - -6))) + (29 - 41)?
-28
Evaluate -65 + 208 + -190 + -2 + -7.
-56
What is the value of (39 - 9 - (0 - -20)) + 15 + -159?
-134
What is the value of -19 + 0 + (-41 - (-26 - -11))?
-45
Calculate 9 + (-3 - 10) + (-14 - -27) + -21.
-12
What is -24 + (-18 - (-1 + 20 - 5))?
-56
What is the value of 16 - 43 - ((-26 - -15) + 76)?
-92
Evaluate -2 - 1 - -29 - (-33 + (57 - 32)).
34
Evaluate (-38 - -56) + (-25 - -48).
41
Evaluate 25 + (-117 - -59 - 11).
-44
Evaluate -36 + -1 - (505 + -662) - 11.
109
-176 - -195 - (12 - (-9 + 8))
6
Evaluate (3 - 74 - 10) + 47.
-34
What is 38 + 12 + -28 - 16?
6
-397 + 364 - (-112 + (8 - 3))
74
-140 + 126 - -82 - (-24 + 0)
92
(21 + -9 - (-4 - 2)) + -6 + (-44 - 7)
-39
-98 - (-80 - 23 - -52)
-47
Evaluate (-21 + -15 - 4) + 52 - (88 + -4 + 2).
-74
Calculate 6 + (-30 - (-19 - (20 + -50))).
-35
Calculate ((-24 - -14) + -5 - -3) + 77.
65
What is the value of -5 + -32 + 17 + 20?
0
What is -102 + 0 - (4173 + -4201)?
-74
Evaluate -22 - -12 - (-1 + -1) - (-52 + -16 + 52).
8
What is (-250 - (-198 - 26)) + -1 + 105?
78
What is (-51 - -4) + (518 - 472)?
-1
What is the value of (15 - (-18 - -19)) + (-7 - (16 + -3))?
-6
What is the value of 140 - (113 + 21) - (-1 + (-42 - 0))?
49
Calculate -10 + (30 - 34) + 1 + (-1 - -50).
36
What is the value of (14 - 3) + (-203 - -255)?
63
What is 43 + -3 + 77 - -1?
118
Calculate 8 + 846 + -885 + 64 + 0.
33
Evaluate (53 - (23 + 10 - 5)) + -52 - (-1 + 7).
-33
Calculate 1 + 9 + (34 - 16) + -12 + -16 + 1.
1
Calculate (-3 - 1) + (100 + -10 - 184).
-98
Evaluate 32 + -15 + -47 - -2.
-28
What is the value of (1 - 13) + 14 + -21 + 31 - 41?
-29
Calculate (-17 - 0) + (193 - 195) + 0.
-19
(-7 - -71) + 127 + -152
39
Evaluate (-72 - (25 - (4 + 10))) + (-20 + 8 - -2).
-93
Calculate (-4550 - -4540) + (0 - -9 - (4 + -4)).
-1
Evaluate -25 + 157 + -91 + 15.
56
Calculate -63 + 24 + -37 - (0 + 2).
-78
31 + -31 + (53 - 17) + 15
51
What is the value of -9 + -2 + 0 + -10246 + 10196?
-61
-7459 - -7433 - (-118 - 2)
94
Calculate -4 + (-5 - -21 - (40 - 9) - 51).
-70
What is the value of 14 + -10 + (-3 + -15 - -15 - -114)?
115
What is (-26 + 9 - 9) + 2 + 1 + -11?
-34
-1 + 5 + (-79 - -49) + 20
-6
What is 1 + (2 - (-14 + 11)) + -17 - (-20 + -1)?
10
Evaluate (0 - 18) + (20 - 36) + 1 + -32.
-65
What is 0 - ((-164 - -154) + (-36 - 1) - 3)?
50
Evaluate (1 - (-28 - 1)) + 109 + -104 - (0 + 3).
32
What is -133 + 67 - (9 - 169)?
94
What is 12 - -8 - -28 - (-4 - 1 - (4 + -9))?
48
What is (-24 - 28 - -31) + 28 + 88?
95
Evaluate 54 + (-45 - (-8 + -41)).
58
Calculate (115 + 13 - (-71 - -107)) + 0 + 10.
102
What is the value of -57 + 115 - 131 - (4 - (-1 - (-12 + -2)))?
-64
Evaluate 9 - (-23 - (4 - 15)) - 87.
-66
Calculate 73 - -1 - (34 + 28 + -4 + -54).
70
Evaluate (33 + 1 - 43) + 26.
17
What is (9871 - 9772) + (-64 - 2)?
33
Evaluate (-32 - 79) + (371 - 339).
-79
2 + -5 + 29 - (-18 + 15 + 4)
25
1 + (28 - 30) + (1 - 0) + 42
42
Evaluate 1 + (-98 - ((-10 - -6) + -5)) + -2.
-90
What is the value of (3 - -13 - (17 - -16)) + -96 - (2 + 1)?
-116
Evaluate -10 + (-16 - -31) + 3 + -1 + -11 - 79.
-83
Evaluate (1 + 54 - 1) + (-74 - -38 - -30).
48
What is 48 - (5 + 34) - 19?
-10
-8 - (9 + (-8 - -2) - ((15 - 2) + 27))
29
What is (-3 - (5 + 10 + -17)) + 39 + -2?
36
What is the value of 11 + 21 - 29 - (55 + -6)?
-46
Calculate 5 + (-39 - (-94 + 49)).
11
What is -34 - (-44 - (-19 + -37))?
-46
Calculate 12 + -1 + 2 + (35 - -37 - 39).
46
Evaluate 1209 - 1281 - (4 - 13).
-63
Evaluate (-24 - (1 + -2)) + (39 + -9 - 19).
-12
What is the value of (102 - 66 - 46) + (5 - 1 - -3)?
-3
-4 + -4 + -1 + 8 + -48 + 57
8
Calculate 7 + (54 - 59) + 23 + 2.
27
What is the value of (52 - -12) + -5 - (30 + -10)?
39
What is the value of (-12 - 27) + 21 - -4 - 65?
-79
What is the value of 61 + -14 - (68 - 39)?
18
Evaluate (-10456 - -10554) + 1 + -96.
3
What is -13 + -7 - 7 - -30 - 40?
-37
Calculate 16 - (2 + 32 - 4 - 11).
-3
What is the value of -1 + 3 + (10 + -97 - -86)?
1
What is 57 + -4 + 14 + (7 - 18)?
56
Calculate 19 + (24 - 60) - -25 - 4.
4
Calculate 18 - (-16 + 8) - (-90 + 95).
21
What is the value of 0 + 55 + -75 + -5 + 66?
41
Evaluate (-33 - (-31 - -1)) + -30.
-33
What is the value of 23 - ((26 - (-4 + 21)) + 40)?
-26
What is the value of (3 - (14 + -9 + 3 - 96 - -2)) + 1?
90
-28 + (7 - 11) + 10 + (25 - 22)
-19
(72 - (95 - 74)) + -39
12
What is (42 - (23 - 52)) + -2 + 0 - (-1 - -9)?
61
((-3 - 3) + 16 - 18 - 6) + -119
-1